of 2374653707.
2374653707
What are the prime factors of 153938236?
2, 38484559
What are the prime factors of 2076463?
23, 90281
What are the prime factors of 627354367?
71, 179, 49363
What are the prime factors of 25232508?
2, 3, 7, 100129
What are the prime factors of 123387232?
2, 3855851
What are the prime factors of 1061330957?
229, 4634633
List the prime factors of 5601851199.
3, 7, 88918273
List the prime factors of 4798734738.
2, 3, 7, 17, 960131
What are the prime factors of 421853570?
2, 5, 1607, 26251
List the prime factors of 4423450778.
2, 47, 59, 797593
List the prime factors of 2429920199.
7, 293, 1184749
List the prime factors of 2275178928.
2, 3, 11, 1847, 2333
What are the prime factors of 141848683?
141848683
What are the prime factors of 1647788740?
2, 5, 13, 101, 131, 479
List the prime factors of 455608346.
2, 103, 503, 4397
What are the prime factors of 163866708?
2, 3, 4551853
What are the prime factors of 38390348?
2, 9597587
List the prime factors of 5378289400.
2, 5, 11, 2444677
What are the prime factors of 168335226?
2, 3, 73, 42703
List the prime factors of 19524962.
2, 179, 54539
What are the prime factors of 1390651249?
13, 19, 5630167
What are the prime factors of 65705205?
3, 5, 2027, 2161
What are the prime factors of 13463063?
13463063
List the prime factors of 89052282.
2, 3, 11, 449759
What are the prime factors of 2733718475?
5, 23, 461, 10313
What are the prime factors of 99090312?
2, 3, 4128763
What are the prime factors of 89771315?
5, 43, 417541
List the prime factors of 28501889.
13, 181, 12113
What are the prime factors of 441627455?
5, 71, 1244021
List the prime factors of 483941253.
3, 787, 204973
List the prime factors of 170305085.
5, 34061017
What are the prime factors of 1245795?
3, 5, 23, 157
What are the prime factors of 134815007?
134815007
What are the prime factors of 1818322018?
2, 181, 1801, 2789
What are the prime factors of 688760508?
2, 3, 17, 1093, 3089
List the prime factors of 30025742.
2, 137, 109583
List the prime factors of 106369990.
2, 5, 31, 41, 8369
What are the prime factors of 159154135?
5, 7, 23, 211, 937
What are the prime factors of 517966388?
2, 129491597
What are the prime factors of 4128423917?
17971, 229727
List the prime factors of 1059649590.
2, 3, 5, 113, 312581
List the prime factors of 367045259.
7, 149, 351913
What are the prime factors of 233892677?
179, 1306663
What are the prime factors of 879640715?
5, 175928143
List the prime factors of 5686177.
7, 17, 71, 673
List the prime factors of 643410781.
13, 17, 2911361
What are the prime factors of 1420529842?
2, 313, 2269217
List the prime factors of 133190104.
2, 17, 47, 67, 311
What are the prime factors of 116594369?
107, 293, 3719
List the prime factors of 6439316584.
2, 557, 653, 2213
List the prime factors of 31409320.
2, 5, 29, 27077
What are the prime factors of 628631533?
47, 13375139
What are the prime factors of 329146871?
31, 181, 58661
List the prime factors of 1214542325.
5, 6427, 7559
What are the prime factors of 450864269?
53, 103, 82591
What are the prime factors of 30399949?
4973, 6113
List the prime factors of 16203739.
16203739
What are the prime factors of 3807230908?
2, 13, 557, 131447
What are the prime factors of 23729686?
2, 11864843
List the prime factors of 146794724.
2, 47, 780823
What are the prime factors of 494272277?
23, 31, 359, 1931
List the prime factors of 57525276.
2, 3, 293, 16361
What are the prime factors of 2616969535?
5, 523393907
What are the prime factors of 402515555?
5, 13, 83, 74609
List the prime factors of 1923089866.
2, 241, 631, 6323
List the prime factors of 289891103.
23, 73, 172657
What are the prime factors of 117840794?
2, 4273, 13789
What are the prime factors of 632091715?
5, 19, 227, 29311
What are the prime factors of 909696514?
2, 1613, 281989
List the prime factors of 148474642.
2, 74237321
What are the prime factors of 21827699?
59, 369961
List the prime factors of 1722286767.
3, 37, 2503, 6199
List the prime factors of 10593140.
2, 5, 529657
List the prime factors of 6894596433.
3, 181, 3001, 4231
List the prime factors of 119731873.
119731873
List the prime factors of 40445777.
40445777
What are the prime factors of 4063834432?
2, 7, 883, 10273
What are the prime factors of 1445377274?
2, 11, 65698967
What are the prime factors of 747528668?
2, 31, 6028457
What are the prime factors of 370549761?
3, 19, 6500873
List the prime factors of 903155249.
903155249
List the prime factors of 52539107.
23, 1217, 1877
What are the prime factors of 23080648?
2, 977, 2953
List the prime factors of 1111163889.
3, 11, 157, 214469
List the prime factors of 4322603531.
19, 73, 89, 97
List the prime factors of 912072659.
23, 4229, 9377
What are the prime factors of 1047604089?
3, 7, 49885909
What are the prime factors of 113904179?
727, 156677
What are the prime factors of 58966799?
58966799
What are the prime factors of 102000093?
3, 13, 167, 15661
List the prime factors of 26615752.
2, 53, 62773
List the prime factors of 1024694115.
3, 5, 1747, 39103
List the prime factors of 436354466.
2, 218177233
List the prime factors of 43113537.
3, 4790393
List the prime factors of 153523196.
2, 38380799
List the prime factors of 105327004.
2, 313, 84127
List the prime factors of 172298800.
2, 5, 430747
List the prime factors of 122969559.
3, 223, 397, 463
What are the prime factors of 277216139?
149, 379, 4909
List the prime factors of 241374655.
5, 48274931
List the prime factors of 3062718390.
2, 3, 5, 103, 991171
What are the prime factors of 427231107?
3, 3917, 12119
What are the prime factors of 42436289?
7, 6062327
What are the prime factors of 694825768?
2, 7, 13, 17, 23, 2441
List the prime factors of 1206046205.
5, 7, 13, 271, 9781
What are the prime factors of 2674375037?
1249, 2141213
List the prime factors of 1215942405.
3, 5, 47, 1724741
What are the prime factors of 6663011?
29, 229759
What are the prime factors of 3523112925?
3, 5, 67, 701117
List the prime factors of 1043128599.
3, 347709533
List the prime factors of 111783790.
2, 5, 151, 181, 409
What are the prime factors of 460113098?
2, 31, 97, 76507
List the prime factors of 27908855.
5, 13, 429367
List the prime factors of 159043827.
3, 23, 79, 163, 179
List the prime factors of 3602002941.
3, 5059, 79111
What are the prime factors of 6015963525?
3, 5, 11, 13, 560929
List the prime factors of 3083321772.
2, 3, 85647827
List the prime factors of 90014311.
41, 2195471
What are the prime factors of 151382314?
2, 17, 307, 14503
List the prime factors of 82088625.
3, 5, 457, 479
What are the prime factors of 46241683?
17, 1601, 1699
List the prime factors of 24014050.
2, 5, 331, 1451
List the prime factors of 109023268.
2, 47, 59, 9829
What are the prime factors of 136060914?
2, 3, 11, 37, 55717
What are the prime factors of 5107983717?
3, 43, 5881, 6733
What are the prime factors of 2471351188?
2, 617837797
List the prime factors of 382084870.
2, 5, 19, 2010973
What are the prime factors of 447305009?
61, 353, 20773
What are the prime factors of 95910169?
179, 535811
What are the prime factors of 87436075?
5, 3497443
List the prime factors of 5758855220.
2, 5, 287942761
What are the prime factors of 136541422?
2, 31, 677, 3253
List the prime factors of 665735204.
2, 41, 4059361
List the prime factors of 421318027.
13, 19, 109, 15649
List the prime factors of 2102263113.
3, 19, 5557, 6637
What are the prime factors of 30848292?
2, 3, 856897
What are the prime factors of 623306713?
3331, 187123
What are the prime factors of 766202335?
5, 23, 89, 74861
List the prime factors of 6949193.
19, 365747
List the prime factors of 762822779.
762822779
What are the prime factors of 52283229?
3, 1033, 16871
List the prime factors of 43589485.
5, 23, 379039
What are the prime factors of 1486350919?
17, 23, 937, 4057
What are the prime factors of 64441?
13, 4957
List the prime factors of 5145372326.
2, 41, 61, 1028663
What are the prime factors of 81317311?
4327, 18793
List the prime factors of 633785043.
3, 5003, 42227
List the prime factors of 2058743196.
2, 3, 37, 101, 5101
List the prime factors of 319288019.
6709, 47591
What are the prime factors of 21802851?
3, 7, 38453
What are the prime factors of 12694234